 5*z - 9. Let b = s + 6. Suppose b*k + 84 = 6*k. Is k prime?
False
Let z = 5 - -34. Is z a prime number?
False
Let j = 11 - 8. Is j + (6/(-3) - -86) composite?
True
Suppose y = -5*r + 13 + 5, -2*r = -2*y. Suppose -5*t = -3*p + 487, 2*p = -0*p + r*t + 324. Suppose -2*d = -5*d + p. Is d a composite number?
False
Suppose 194 = k - 3*x, 3*k - 6*k - 5*x = -624. Is k prime?
False
Suppose 2*t + 34 = 3*q, t - 6*t - 50 = -4*q. Is q a composite number?
True
Suppose -3*m - 2*m + 4*g + 171 = 0, -m + 2*g + 39 = 0. Is m a prime number?
True
Suppose 27 = 4*o - 1. Suppose -99 = -4*m - o. Is m prime?
True
Let z(c) be the second derivative of c**3/2 - c**2/2 + 2*c. Is z(8) a prime number?
True
Suppose -5*d - 3*y = y + 25, 0 = 5*d - 2*y - 5. Let r be 0 + 2 + d*53. Let m = 77 + r. Is m prime?
False
Let g = -102 + 219. Let q = 250 - g. Is q a prime number?
False
Let h be (0 - 1)*1 + 6. Suppose -h*p - g + 390 = 0, -3*p + g + 227 = 3*g. Is p composite?
False
Suppose -3*z = -3*m - 2*z + 2679, 2*z = -m + 893. Is m a prime number?
False
Let r(o) = o - 2. Let s be r(4). Suppose 5*p + 47 = s*u, -2*p + 5*p + 30 = 3*u. Is 6/p - (-285)/9 a prime number?
True
Let g(v) = -69*v + 5. Let o be g(4). Let p = o + 416. Is p prime?
False
Let j = 893 - 282. Is j a prime number?
False
Suppose 3*b - 102 = 9. Is b a prime number?
True
Is 1 + (-3 + 6 - -54) composite?
True
Is 1/3 - (-2492)/21 a composite number?
True
Suppose 0 = 7*s - 215 - 2172. Is s a composite number?
True
Let c(w) = -w**3 + 17*w**2 - 16*w + 7. Is c(11) composite?
False
Suppose t + 2*t - 2144 = 5*s, -4*s - 4 = 0. Is t prime?
False
Let u(k) = -k**3 + 6*k**2. Let w(t) = -4*t**3 + 31*t**2 + t + 1. Let m(o) = -11*u(o) + 2*w(o). Is m(3) composite?
False
Let l(w) = -w**3 - 2 + 4 - w**2 + 7*w**2 + 2*w. Suppose 0 = d - 2*d + 3*p + 20, -4*p = d + 15. Is l(d) a prime number?
True
Suppose 9 = 3*s, 6236 = 4*h + 5*s + 233. Is h prime?
False
Is (19*(-51)/(-9))/((-1)/(-3)) a prime number?
False
Let y(b) = -66*b + 5. Is y(-16) prime?
True
Suppose q + 5 = -3*q + 5*s, -4*s = 2*q - 30. Suppose -q*r + 320 = -5*b - 0*b, -200 = -3*r - 5*b. Is 4/(-18) - r/(-9) a prime number?
True
Let g(r) = 85*r + 2. Let d be g(5). Suppose -3*x = 166 - d. Is x prime?
False
Let w(g) = g**3 + 8*g**2 - 2*g - 19. Let s be w(-8). Let j(c) = -15*c**3 + c**2 - 5*c - 2. Is j(s) prime?
False
Let z(f) = -f**2 + 5*f - 5. Let w be z(6). Let p = w - -6. Let d = -1 - p. Is d a prime number?
False
Let p(z) = -z**3 - z. Suppose 2*l + 11 = -5*u - 1, l - 1 = u. Is p(l) a prime number?
True
Let c = 3 - 2. Is (c + 13 + -1)*5 composite?
True
Let n = 2 - -4. Let l be (-1)/(-3) + 10/6. Is 93/n + l/(-4) a composite number?
True
Let j(l) = -l**3 - 7*l**2 - 10*l - 8. Let m be j(-6). Suppose 42 = w - m. Is w a prime number?
False
Suppose i + 3401 = 6*i + 2*h, 0 = i - 5*h - 664. Is i a prime number?
False
Let w(f) be the first derivative of -f**4/4 + 10*f**3/3 + 11*f**2/2 + 6*f - 2. Let s be w(11). Suppose s*t - 50 = 4*t. Is t a prime number?
False
Suppose 3 = 2*o + 1. Let b = 48 + o. Is b a composite number?
True
Let y be (-1137)/15 + 2/(-10). Let g = -36 - y. Let b = g + 27. Is b composite?
False
Let c = 125 - 58. Is c prime?
True
Let c be (4/5)/(4/10). Suppose c*k - 419 = k. Is k a prime number?
True
Suppose 3*v - 5*m = 265, m - 67 + 443 = 4*v. Is v a prime number?
False
Suppose -h - 2*d = 184, -5*d + 671 = -h - 3*h. Let g = -40 - h. Is g composite?
True
Let b be (2*(-10)/2)/(-2). Suppose b*v - 3*v = 70. Is v composite?
True
Let f(v) = 15*v**2 + 5*v + 4. Let o(c) = -c**2 - c - 1. Let h(y) = f(y) + 3*o(y). Is h(-1) composite?
False
Let b = -44 + -11. Let i = -49 - -141. Let l = b + i. Is l a prime number?
True
Let n be (6/4)/((-3)/198). Let q = n - -188. Is q a prime number?
True
Let w(c) = -2*c**3 - 9*c**2 - 8*c + 5. Is w(-6) a composite number?
True
Let y be (135/(-6))/((-2)/4). Suppose -165 = 3*a - y. Is (-5 - -2)*a/12 composite?
True
Suppose 0 = k + 2*r + 10, -17 - 41 = 5*k + 2*r. Is 339 + 1 - k/(-4) composite?
False
Let i(f) = -20*f + 15. Let a(z) = -z. Let b(k) = 2*k - 1. Let o(s) = a(s) + b(s). Let p(j) = -i(j) - 10*o(j). Is p(4) prime?
False
Let d = -331 + 636. Is d prime?
False
Suppose 5*y + 10405 = 10*y. Is y a composite number?
False
Suppose 0*q - 506 = -2*q. Is q a composite number?
True
Suppose 0 = 3*p - 2*o - 49, p + o = -0*o + 18. Let j = -12 + p. Suppose -2*h + 2*v + 320 = 0, -j*h + v + 90 = -722. Is h prime?
True
Let n = -55 - -22. Let q be n + (4 - 0)/(-2). Let d = 50 + q. Is d composite?
True
Suppose -a + 0*a = -10. Let w(x) = x**2 - 9*x + 5. Let t be w(9). Suppose -t*h - 785 = -a*h. Is h prime?
True
Let i(o) = 195*o**2 - 2*o + 1. Is i(1) a prime number?
False
Is 678 - (-2 - (-1 + 0)) composite?
True
Suppose k = 5*k - n - 635, k - 167 = 3*n. Is k a composite number?
True
Let g = 691 - 345. Suppose g = -2*o + 1176. Is o prime?
False
Let k(q) = -44*q**3 + 2*q**2 - 3*q + 1. Is k(-4) a prime number?
True
Let g = 18 - -65. Is g composite?
False
Let k = 24 + 3. Suppose -5*b + k = -28. Is b composite?
False
Let n be 1*(1*-16 - 2). Let v = n - -49. Is v a composite number?
False
Is (-6)/(-12) - (-221)/2 composite?
True
Let n(s) = -4*s**3 - 6*s**2 - 12*s - 16. Let q be n(-10). Suppose 0*r = 4*g + 4*r - q, 5*r = -g + 872. Is g prime?
True
Suppose 0 = -3*u + 5*g + 3271, 7*u - 3*g - 3279 = 4*u. Is u prime?
True
Let u = 881 + -514. Is u composite?
False
Suppose -5596 = -2*s - 2*s. Is s a composite number?
False
Let x be (-12)/(-5) - 8/20. Let w be (0 - x) + -45 - 2. Is w/(-5) + 1/5 composite?
True
Suppose 0 = -f + 16 - 4. Let o = 35 - f. Suppose 3*g - 4*g = -o. Is g prime?
True
Suppose 2*u = -3*p - 7, -4*p + 0*p = 2*u + 10. Let c be (-2 - -3)/(u/2). Is -1 - (-1 - c*7) composite?
True
Let w(f) = -2*f - 5. Let k be w(6). Let m = k + 50. Is m composite?
True
Let n = -172 + 923. Is n composite?
False
Let f(y) = -3*y**3 + 2*y**2 + 2*y + 7. Let h(w) = -6*w**3 + 3*w**2 + 5*w + 13. Let m(d) = -5*f(d) + 3*h(d). Let b be m(-3). Is b - -1*(-1 + 2) prime?
False
Let n be 146/(2*(-2)/(-10)). Let d = 977 - n. Suppose -4*m = 2*w + 2*w - d, -4*w - 644 = -4*m. Is m a prime number?
True
Suppose 4*j + i - 16605 = -4*i, 0 = 3*j - 4*i - 12415. Is j a composite number?
True
Let l be 0 + (-11 - 1) + 2. Let h be l/(-3) + 1/(-3). Suppose 3*k = h + 18. Is k composite?
False
Is (-1)/(-8)*10*28 composite?
True
Let m = -1254 - -1937. Is m composite?
False
Let s be ((-30)/(-12))/((-2)/(-464)). Suppose -2*m = -4*c + s, -c = 3 - 1. Is (m - -1)/((-5)/5) prime?
True
Let y(z) = -17 + 14 - 57*z + 17*z. Suppose -5*w = 5*k + 25, -4*k + 3*w + 0*w = -1. Is y(k) a prime number?
False
Let n = -74 + 105. Is n prime?
True
Let g = -4 + 8. Suppose l + g*z + 17 = 0, 0*l + l - 19 = 5*z. Is (1 - (-3)/l) + 79 prime?
False
Let b(x) = -x**2 + 3*x + 3. Let t be b(5). Let g = t + 12. Suppose -g*m - 5*y = -430, 139 = 5*m - 2*y - 298. Is m a prime number?
False
Suppose 2*b = 32 + 8. Is 748/b + (-4)/10 a composite number?
False
Let b(n) = -4*n + 6. Let v(o) = 7*o - 11. Let q(z) = 10*b(z) + 6*v(z). Let d be q(4). Suppose d*j = 3*r + 112, -5*j - 3*r = -108 - 151. Is j a composite number?
False
Let i = 233 - 84. Is i composite?
False
Suppose -v + p = -263, 5*v + 498 = 3*p + 1823. Suppose 4*r - 8*r + v = 0. Is r a prime number?
True
Let m be (1/(-2))/((-2)/(-276)). Let z = m - -112. Is z composite?
False
Let i be (-4)/(2*(-2)/(-4)). Let w be 1236/8*i/(-6). Let t = w - 24. Is t prime?
True
Suppose 2*h - 3*t = -88, -4*t + 10 = 2. Let b = 47 + -41. Let q = b - h. Is q composite?
False
Suppose -4*q = 2*z - 16, 1 = -2*q + q - 3*z. Suppose h - 3*p = q + 1, 2*p = -5*h - 4. Suppose h*a + a = 57. Is a a prime number?
False
Suppose 4*t + 446 = -0*v + 2*v, -3*t - 367 = 5*v. Let a = t - -196. Is a a prime number?
False
Suppose -4*g = -40 - 420. Let v = g - 65. Let q = -28 + v. Is q composite?
True
Suppose b - 14 = -u, 5*u - 5*b - 71 - 9 = 0. Is u a composite number?
True
Let a = 65 + 112. Is a a prime number?
False
Suppose -5*g - 3*u = -4*u - 567, 232 = 2*g - 3*u. Is g a composite number?
False
Let h be (-2 - 2)/(16/24). Let z(y) = -4*y + 9. Is z(h) a prime number?
False
Is (-4)/(-6)*(-2 - 3890/(-4)) composite?
False
Let t = 10084 + -6163. Is 2/7 + t/21 composite?
True
Suppose 0 = -5*l - 8 + 23. Suppose l*r - 30 = -2*r. Is r composite?
True
Le